o base 13
-18b1c6
Convert -318643 (base 13) to base 7.
-12604042
-6145763 (base 9) to base 8
-14402600
-301443 (base 6) to base 15
-7060
-58a86 (base 12) to base 11
-81494
-2485421 (base 9) to base 2
-101001010111100100010
29663 (base 10) to base 6
345155
Convert -10830 (base 9) to base 14.
-28cc
Convert -782501 (base 13) to base 14.
-53a4d5
What is 100312012021 (base 4) in base 13?
bb7c62
Convert -63054 (base 12) to base 14.
-3537a
Convert -13441120 (base 5) to base 13.
-4ba47
Convert 113500552 (base 6) to base 5.
1021413422
Convert -2793a05 (base 12) to base 9.
-15781375
Convert -25b989 (base 16) to base 12.
-9b28b5
What is -196102 (base 10) in base 14?
-51674
Convert 1b5298 (base 16) to base 10.
1790616
What is 147418 (base 10) in base 2?
100011111111011010
What is 2738938 (base 10) in base 8?
12345372
7568 (base 12) to base 3
122200122
Convert -12000032010 (base 4) to base 12.
-63a8b0
30131203331 (base 4) to base 8
14354375
3398429 (base 10) to base 12
117a825
-173b0a (base 14) to base 3
-1112111220020
What is -397e1 (base 15) in base 10?
-184036
What is 1575123 (base 8) in base 7?
3613143
What is -70919 (base 13) in base 11?
-128405
a38c (base 13) to base 9
33883
Convert 262610 (base 7) to base 5.
3032012
Convert 13244225 (base 6) to base 12.
193675
1033202242 (base 5) to base 10
2240947
Convert 10000012120210 (base 3) to base 9.
3005523
-14993 (base 11) to base 10
-21156
Convert 27856a (base 11) to base 2.
1101010011011001110
Convert 7141076 (base 9) to base 5.
1433244203
110100000101111100011001 (base 2) to base 15
12eb28d
What is -48142 (base 10) in base 2?
-1011110000001110
Convert -12102112201 (base 3) to base 6.
-2142331
-3f5b5 (base 16) to base 10
-259509
-10011211000 (base 3) to base 2
-1111010001011111
Convert 573822 (base 10) to base 13.
171252
What is 42189 (base 16) in base 9?
452330
Convert 31012222120 (base 4) to base 15.
47cc5a
Convert 2643249 (base 11) to base 2.
10001011100010001111000
Convert -bcca (base 13) to base 2.
-110011011111001
Convert 27537 (base 13) to base 3.
10201200020
Convert 114308 (base 10) to base 12.
56198
-121100 (base 7) to base 10
-22001
What is 33656 (base 8) in base 4?
3132232
-2124 (base 15) to base 4
-1231201
Convert 7030625 (base 8) to base 12.
751331
Convert -c43904 (base 13) to base 16.
-45da54
What is 30101333 (base 4) in base 15?
ed88
Convert 12201203 (base 5) to base 11.
7a006
Convert 12033310 (base 5) to base 10.
111705
Convert -112106 (base 9) to base 14.
-1a68b
6352101 (base 7) to base 2
10111011110000100000
What is 552005 (base 7) in base 13?
3504b
What is 1001344004 (base 5) in base 10?
1981129
-108201 (base 13) to base 10
-389208
What is 1110011010100001010 (base 2) in base 6?
14042414
Convert -374323 (base 10) to base 3.
-201000110211
What is -6707d (base 16) in base 14?
-adb1b
4a2681 (base 11) to base 4
3001313223
-1777653 (base 8) to base 12
-213437
Convert -1858232 (base 9) to base 15.
-158e0b
9cb86d (base 15) to base 11
424a571
What is 12ec01 (base 16) in base 13?
345588
What is -1112222020111 (base 3) in base 8?
-3115424
Convert -191b32 (base 12) to base 4.
-1223020112
Convert -1892391 (base 12) to base 6.
-302430301
22131113230 (base 4) to base 9
5137857
-17487996 (base 10) to base 12
-5a34450
What is -1084630 (base 9) in base 8?
-2173136
14a9 (base 16) to base 12
3089
What is -10dbd9 (base 14) in base 11?
-363704
Convert -368574 (base 12) to base 2.
-11011000001100101000
12100211012012 (base 3) to base 15
3b4905
Convert -323440142 (base 5) to base 15.
-1c6cec
2799a7b (base 12) to base 13
1842a19
Convert -1042011023 (base 5) to base 15.
-305bad
What is 100110000010010001 (base 2) in base 7?
1216131
-655832 (base 9) to base 11
-248098
What is 33841b8 (base 12) in base 5?
10012040112
What is 1621510 (base 9) in base 14?
195dba
2020201220200 (base 3) to base 12
497a09
What is 11100110010001001 (base 2) in base 10?
117897
Convert 1123033011 (base 4) to base 16.
5b3c5
Convert 136d71b (base 15) to base 5.
12042033401
-226ca (base 15) to base 3
-12120021001
Convert 4433003 (base 5) to base 8.
226705
What is -57b591 (base 12) in base 10?
-1409149
What is -7467c2 (base 13) in base 11?
-15a34a5
What is 118454 (base 10) in base 15?
2516e
Convert c24221 (base 14) to base 5.
3133321432
What is 166a34 (base 11) in base 12?
10546a
Convert 1dcac (base 16) to base 10.
122028
Convert 176d3a4 (base 15) to base 4.
1001003233300
Convert -4b7a7 (base 15) to base 5.
-30210412
3149a (base 11) to base 6
552131
What is -1121110212110 (base 3) in base 13?
-23c67c
Convert 97540 (base 11) to base 7.
1130136
Convert -a1388 (base 11) to base 13.
-525c0
What is 11304202 (base 6) in base 8?
1255212
What is 167535 (base 10) in base 14?
450ab
283d09 (base 15) to base 5
443434214
What is -84460 (base 11) in base 14?
-32b7c
Convert 101100100101000000 (base 2) to base 8.
544500
-41024233 (base 6) to base 3
-2012102212110
Convert 5e991 (base 16) to base 6.
12145505
Convert -151414 (base 9) to base 16.
-16af8
What is -106620 (base 10) in base 13?
-396b7
Convert -11090a (base 11) to base 10.
-176791
Convert 53241153 (base 7) to base 8.
21161006
-1010520441 (base 6) to base 10
-10399273
177341 (base 9) to base 5
12012414
What is -2d076 (base 15) in base 7?
-1143300
Convert -140343320 (base 5) to base 15.
-e1ec5
Convert -3a308 (base 14) to base 5.
-14041114
Convert -101111111021 (base 3) to base 7.
-1520344
Convert -346270 (base 8) to base 4.
-130302320
What is 42404110 (base 5) in base 7?
3014114
Convert 1010011111101101010 (base 2) to base 4.
1103331222
34015 (base 12) to base 6
1252025
-400448 (base 9) to base 13
-838a3
Convert -1937fe (base 16) to base 13.
-45b365
What is 55331430 (base 6) in base 11?
a34665
1343312340 (base 5) to base 9
6515762
-d82636 (base 15) to base 2
-100111001110111111100010
-246983 (base 10) to base 15
-4d2a8
Convert 265657 (base 8) to base 6.
1555011
-12342441 (base 5) to base 8
-355425
What is -49874c (base 15) in base 2?
-1101011011110011101100
Convert 721257 (base 10) to base 6.
23243053
What is 56c09 (base 14) in base 4?
303133121
What is -10020021221120 (base 3) in base 12?
-6aa406
Convert 511fa (base 16) to base 7.
2552516
What is -11424220 (base 5) in base 9?
-174206
What is -66517 (base 12) in base 5?
-13314043
Convert -103130323 (base 4) to base 5.
-10022200
83266 (base 15) to base 11
264333
What is -1100111010101001110111 (base 2) in base 7?
-40531435
What is 68b3c (base 15) in base 10?
333282
997 (base 14) to base 8
3551
522423341 (base 6) to base 16
8aa32d
-110010120200010 (base 3) to base 7
-105543102
What is a2bb52 (base 12) in base 10?
2550446
What is -182034 (base 9) in base 5?
-12104101
Convert -9746d2 (base 14) to base 9.
-10565537
Convert 104551656 (base 7) to base 15.
8512b0
331310120 (base 4) to base 16
3dd18
Convert -201202200101 (base 3) to base 15.
-7a41d
3112343231 (base 5) to base 14
bbc08b
Convert e3256 (base 16) to base 8.
3431126
-20050624 (base 9) to base 3
-200001200200211
What is -974020 (base 10) in base 11?
-605883
2a518b (base 16) to base 4
22211012023
Convert -218104 (base 9) to base 10.
-130576
Convert -204455503 (base 6) to base 2.
-1101101011001010111111
-27a8320 (base 11) to base 13
-1000678
-33243121 (base 6) to base 11
-624250
10202303310 (base 4) to base 2
100100010110011110100
Convert 1021026 (base 8) to base 4.
1002020112
Convert -466250 (base 8) to base 6.
-3223332
What is -4a39a1 (base 12) in base 13?
-334573
25c1a (base 15) to base 11
82884
Convert 561018 (base 15) to base 5.
2022312043
Convert -31200010 (base 5) to base 16.
-3e8ff
What is -60418 (base 11) in base 16?
-1591d
What is 25040435 (base 6) in base 12?
32611b
Convert 2251 (base 11) to base 7.
11426
3334643 (base 7) to base 16
64a6c
Convert 93956 (base 11) to base 8.
413320
1010110011111101010101 (base 2) to base 9
5288778
Convert 222110 (base 11) to base 15.
6ee1d
Convert 3371007 (base 9) to base 7.
21311452
Convert 41402412 (base 5) to base 16.
533f6
Convert -18b9c (base 14) to base 13.
-226a2
6936856 (base 10) to base 8
32354430
What is -8462 (base 13) in base 15?
-5672
-12120110012220 (base 3) to base 13
-7c8ba9
Convert 211220301 (base 4) to base 15.
30a26
213110332 (base 4) to base 9
264864
What is -1100111010110101110111 (base 2) in base 4?
-30322311313
-350344 (base 7) to 